et y be v(3). Let d be (9/4)/((-6)/y). Let r = d + 3. Calculate m(r).
8
Suppose 0*r + 5*r + 10 = 0. Let d(x) be the first derivative of -x**5/60 - x**3/3 - 7*x**2 + 15. Let u(m) be the second derivative of d(m). Calculate u(r).
-6
Let m(s) = -s. Let a(z) = 3*z - 1 + 0*z - 2*z + 0*z. Let y be (-10)/5 + 1 + -2. Let v(c) = y*a(c) - m(c). Give v(4).
-5
Let z be 12/(-66) - 134/(-11). Suppose 3*i + 3 = -z. Let q(k) = 13*k**2 - 3*k + 2. Let w(v) = 15*v**2 - 4*v + 3. Let h(f) = -7*q(f) + 6*w(f). Determine h(i).
-6
Suppose -q + 3 = 0, 0 = w - 4*q + 1 + 2. Let b(t) = t**2 - 9*t - 10. Calculate b(w).
-10
Let u(k) = 7*k**2 - k + 1. Suppose 4*d + 4*a = d + 72, 4*d - 2*a = 96. Let g = d + -26. What is u(g)?
31
Let p = 2 + -8. Let d(x) be the third derivative of 0 - 1/8*x**4 - 1/3*x**3 - 5*x**2 + 0*x. What is d(p)?
16
Let z(d) be the first derivative of d**3/3 - d**2/2 + 8*d + 80. Let r(q) = q - 4. Let u be r(4). Suppose 0 = 3*s - u*s. Calculate z(s).
8
Let s(r) be the third derivative of r**5/60 + 5*r**4/24 - r**3/2 + 266*r**2 - r. Give s(6).
63
Suppose -y = -4*u - 24, -3*u - 5*y = -0*y + 18. Let h(s) = -s**3 - 7*s**2 - 9*s - 22. Let p be h(u). Let c(o) = o**2 + 3*o - 5. Give c(p).
-1
Let o = 8 - 24. Let t = o + 19. Let p(j) = -j**2 + t*j + 2*j - 2*j + 1. Determine p(-3).
-17
Let g = 7 - 2. Let x(f) = 4*f**2 + 2*f + 2. Let k(j) be the third derivative of -j**5/20 - j**4/12 - j**3/3 + 18*j**2. Let d(y) = -5*k(y) - 4*x(y). Give d(g).
-13
Let q(p) = p**3 + 4*p**2 - 3*p - 6. Suppose -9*r = 75 - 30. Calculate q(r).
-16
Let y(j) = -j - 1. Let v(k) = -k**3 - 2*k**2 + 2*k + 1. Let l be v(-3). Let w = 5 - 10. Let d(n) = -n - 2. Let h(r) = l*y(r) + w*d(r). What is h(0)?
6
Suppose 6*o - 5*i - 34 = 8*o, -3*o - 5*i = 41. Let q(c) be the third derivative of -c**2 - 3/2*c**3 - 1/12*c**4 + 0*c + 0. What is q(o)?
5
Let z = 23 - 18. Let i = 5 - z. Suppose i = 3*a - 14 - 1. Let l(k) = 2*k - 4. What is l(a)?
6
Let u(j) = 2*j - 2. Let x(y) = y + 4 + 8 + 3. Let m be x(-9). Calculate u(m).
10
Let u(a) be the third derivative of 0 + 1/12*a**4 - 11/6*a**3 + 0*a - 3*a**2. Let r(v) = -3*v + 17. Let j(s) = -5*r(s) - 8*u(s). Give j(0).
3
Suppose 0*v - 2*v = -14. Suppose -3*m + v*m = 0. Let c(q) = 2*q + 36. Let y(k) = k + 18. Let p(w) = 6*c(w) - 13*y(w). Calculate p(m).
-18
Let f(w) = w**3 + 5*w**2 + 7. Let r be (8 + -155)/(-21) - 6*2. Determine f(r).
7
Let z(g) be the second derivative of -g**4/24 - g**3/6 + g**2/2 + g. Let m(x) be the first derivative of z(x). Let q = 109 - 104. Calculate m(q).
-6
Let t be ((-130)/15)/((-2)/6). Suppose 4*z = 6 + t. Let y(u) = 2*u - 10. Calculate y(z).
6
Let f(j) = 0 - 3*j**2 - j**3 - 2*j - 11*j + 6 + 2*j**3 + 5*j. What is f(5)?
16
Let z be ((-4)/6)/1 - 174/(-18). Let s(j) = -5*j + 14. Let q(b) = 2*b - 7. Let v(y) = z*q(y) + 4*s(y). Give v(-6).
5
Let s(i) = -4*i - 26. Let r be s(-6). Let v be r/(7 + -3)*-6. Let a(f) = -f**2 - 2*f + 4. Give a(v).
-11
Let w(g) = -g**2 - 2*g + 1. Suppose -10*v + 2 = -14*v + 2*q, 0 = 3*v - 4*q - 6. Give w(v).
1
Let h(q) = q**2 - 7*q - 5. Let u be h(7). Let b = -11 - u. Let d(i) = i**2 + 10*i + 8. What is d(b)?
-16
Suppose 0 = 2*v + 8. Let q(y) = 3*y**2 - 18 - 19 - 21 + y**3 + 55 - 6*y. What is q(v)?
5
Suppose 4*m - 18 - 18 = 5*f, -4*m = -f - 20. Let k be ((-2)/m)/(9/72). Let q(d) be the first derivative of d**2/2 - 5*d - 31. Determine q(k).
-9
Let a(f) be the first derivative of -f**4/12 + 13*f**2/2 - 17. Let w(j) be the second derivative of a(j). What is w(3)?
-6
Let p(u) = 2*u + 2. Suppose g + 3 = n, 0 = -g - g + 3*n - 9. Let j = -10 - g. Let f be 2*3*j/15. What is p(f)?
-6
Suppose -q - 2*q = -9. Let o(l) = 4*l**2 - 4*l - q*l**2 - l + 2*l + 5. Suppose -5*v = 3*z - 5, 4*v - 5*z - 21 = 5*v. What is o(v)?
9
Let l be ((-2)/6)/(1/3). Let q(x) = 8*x - 53. Let p(h) = 3*h - 21. Let u(f) = 5*p(f) - 2*q(f). Calculate u(l).
2
Let w(h) be the first derivative of 2*h**2 - h + 15. Suppose -3*j - 4 = r, j + 2 = -0*j. Suppose 3*p - 5*s - 9 = 0, 0 = 3*p + r*p - s + 7. Determine w(p).
-9
Let y(a) = -106 + 205 + 0*a - a - 107. What is y(-5)?
-3
Suppose -3*f + 3*r = 18, 10 = 3*f + 2*r + 48. Let k(b) = -b**3 - 9*b**2 + 12*b + 10. Give k(f).
-10
Let r(x) = x**2 - 9*x + 9. Let c = -1539 + 1547. Calculate r(c).
1
Let f(x) be the third derivative of x**7/2520 - x**6/240 + x**5/60 - 3*x**2. Let d(k) be the third derivative of f(k). Determine d(-3).
-9
Let n(j) = j**2 + 2*j - 5. Let u be n(4). Let o(d) = 0*d - d**2 + u - 17 - 3*d + 0*d. Determine o(2).
-8
Let p(r) = 7*r**2 - 2*r + 17. Let z(b) = b**2 + 4. Let h(v) = p(v) - 6*z(v). Give h(0).
-7
Let m(b) be the second derivative of b + 1/3*b**3 + 5/2*b**2 + 0. Determine m(-5).
-5
Let y(u) be the first derivative of -u**5/20 - u**4/24 - 19*u**3/3 + 13. Let m(o) be the third derivative of y(o). What is m(1)?
-7
Let z(f) = -4 + 541*f - 539*f + 8 - f**2. Calculate z(5).
-11
Let t be 0 + (4 - 0/(-3)). Suppose -t*d - 15 = -d. Let m(i) be the third derivative of -i**4/24 - 5*i**3/6 - i**2 + 42*i. Determine m(d).
0
Let u = -169 - -172. Let t(z) = 2*z**2 + 2*z - 4. What is t(u)?
20
Let s(b) = b**2 + 6*b - 10. Suppose 9 = 9*z - 54. Suppose 2*o + 9 + z = 0. Give s(o).
6
Let c(w) = w**3 - 10*w**2 - w + 7. Suppose -5*k + 25*k = 200. What is c(k)?
-3
Let o(m) be the second derivative of -m + 0 - m**2 - 1/2*m**3 - 1/12*m**4. Suppose 3*d + 24 = -5*d. Determine o(d).
-2
Let h(c) be the first derivative of 2/3*c**3 + c + 5 + c**2 - 1/4*c**4. What is h(-1)?
2
Let h(i) = -1 + 4 - 2*i**2 - 4. Suppose -6*f + 2 - 8 = 0. Determine h(f).
-3
Suppose 0 = -k - 2*p + 16, 9 = k - 0*p - 5*p. Let v(f) = -7 + 2*f - f**3 + k - 4*f**2 - 4. What is v(-3)?
-12
Let a(p) = -896 + 868 + p + 5*p. Calculate a(5).
2
Let i(h) = 21*h - 59. Let p be i(5). Suppose -p = -4*c - 74. Let u(n) = -2*n - 4. Give u(c).
10
Let o(d) = -2615*d**3 - 8 + 2616*d**3 + 8*d + 2*d - 7*d**2. Determine o(6).
16
Suppose -4*y - 5 - 36 = -3*q, -y = -4*q + 33. Let w be ((-3)/3)/(3/(-2 - 4)). Let a(l) = -5 - 5*l**w + 4*l**2 + 12 - 18*l + 23*l. Calculate a(q).
-7
Let c(u) be the first derivative of 3 + 38*u + 0*u**2 - 2*u**2 - 39*u + u**2. Let p(v) = v**2 - 7*v - 17. Let y be p(9). Determine c(y).
-3
Let z = 2 - 1. Let k(t) = -23*t**3 + 2*t**2 - 1. What is k(z)?
-22
Let g(t) = t**2 + 3*t - 1. Let i(r) = 6*r**2 - 1. Let k be i(2). Suppose 8 - k = -x. Let s = -13 + x. Give g(s).
9
Let x(u) be the second derivative of -u**7/840 + u**6/360 + u**5/120 - u**4/4 - 11*u**3/3 - 20*u. Let k(c) be the second derivative of x(c). What is k(0)?
-6
Suppose -5*x = 3*a - 10*x - 199, 4*a - 4*x - 260 = 0. Suppose -a = -4*t + t. Let v(l) = -t*l - 1 + 1 + 24*l. Give v(3).
9
Suppose 4*t - 16 = 0, 3*h + 4*t - 23 - 8 = 0. Let b = h + -3. Let k(j) be the second derivative of j**4/6 - j**3/3 - 87*j + 3. Give k(b).
4
Let n(g) be the second derivative of 13*g**4/12 - g**3/6 + 101*g. Calculate n(-1).
14
Suppose -5*f + 25*o = 29*o + 11, 5*f = -2*o - 13. Let x(k) = -k**3 - 3*k**2 + 1. Calculate x(f).
1
Let d(x) = x**2 + 3*x + 5. Let q be d(-2). Suppose -2*c = -5 - q. Let y(b) = 3*b**3 + 5*b - 2 + 5*b**2 + 1 - c*b**3. Determine y(6).
-7
Let x(f) = 1. Let i(p) = p + 1. Let k(o) = i(o) + 2*x(o). Determine k(-8).
-5
Let w(k) = -2*k**2 - 9*k + 34. Let m be w(-7). Let q(n) = 1 + 0*n**3 + 0*n**2 + n - n**2 - 4*n**3. Calculate q(m).
3
Let a(j) = j**3 + j**2 - 9*j - 4. Let m be a(-4). Let k be (m/2 - -2) + 1. Let z(o) = -o**2 - 4*o - 4. What is z(k)?
-9
Let d(u) be the third derivative of u**5/30 - 3*u**4/8 + u**3/2 + 58*u**2 - 4. Let r(p) = 5*p**2 - 2*p - 1. Let l be r(-1). Calculate d(l).
21
Let u(l) = -l**2 + 9*l + 7. Let r(c) = 2*c**2 - 8*c - 6. Let x(n) = 2*r(n) + 3*u(n). Determine x(-11).
9
Suppose 0 = 9*r - 22 - 14. Let h(i) = -2*i - r*i + 0*i. What is h(-3)?
18
Suppose -2*a - 5*v = -1, 17 = 5*a + 2*v - 4*v. Suppose -7*z - 7 = -3*b - a*z, -z + 17 = 3*b. Let c(p) = p**3 - 4*p**2 - p - 6. Give c(b).
14
Let w be 5/2*8/10. Let j = 10 - w. Let u(r) = j*r + 0 + 0 + 1. Determine u(-1).
-7
Let n(d) be the first derivative of -7/3*d**3 + 1/2*d**2 - 7 + 2*d - 1/4*d**4. Determine n(-7).
-5
Let p(k) = -k**3 - 5*k**2 + 5*k - 7. Suppose 5*l + 38 = -12. Let u be 1/((l/(-12))/(-5)). What is p(u)?
-1
Suppose 0*a = -5*z + 2*a + 108, 0 = 2*z + 5*a - 20. Let g be (-10)/z*6*-2. Suppose -5*x = -2*x - g. Let s(d) = -d**